reatest common divisor of f and 135.
135
Suppose 0 = 257*r - 255*r - 132. Suppose 2*l = -16 + r. Suppose 3*o - o = 250. What is the greatest common factor of l and o?
25
Let s(p) = 2*p**2 + 28*p - 333. Let h be s(8). What is the greatest common factor of 3800 and h?
19
Let r(n) = -69*n + 231. Let v be r(1). What is the highest common divisor of v and 1395?
9
Suppose -231*o = -78*o + 313*o - 35882. Calculate the highest common factor of o and 896.
7
Suppose 2*c - 5*n + 12960 = 4*c, 0 = 2*c + 4*n - 12956. Let l be 26/(-273) - c/(-21). What is the highest common divisor of 77 and l?
77
Suppose -4*x = -2*c + 24, 2*c - 2*x - 9 = -x. Let k be 10*2 - (0 + c). Let v be 19 + -17 - -4 - 0. What is the highest common divisor of v and k?
6
Suppose -693 = 1785*u - 1796*u. Calculate the highest common divisor of u and 783.
9
Let z(r) = 77*r - 1966. Let l be z(26). Calculate the greatest common factor of 261 and l.
9
Let j = -28 + 30. Let v = 16 - 11. Suppose -23 = -2*g + i, v = -i + j. Calculate the greatest common factor of g and 25.
5
Suppose -150 = -25*n + 22*n. Let r = 74 - n. Let p(v) = 12*v**2. Let m be p(-4). What is the greatest common divisor of m and r?
24
Let n(y) = 76*y - 60. Let t be n(3). Suppose -t = -3*c + 126. What is the greatest common divisor of c and 56?
14
Let q = 1962 - 1958. What is the greatest common divisor of 764 and q?
4
Let d = 333 - 77. Calculate the highest common divisor of d and 1728.
64
Let p be -3*4/(-36)*24. Let q be -5 - 16/(-1 + -3). Let c = 41 + q. What is the greatest common divisor of c and p?
8
Suppose 170*r - 1269 = 65*r + 1566. What is the highest common divisor of r and 6696?
27
Let n be 16/(-14)*3556/(-8). Calculate the highest common divisor of 2921 and n.
127
Let v be 63/9 - (0 - 3 - -5). Suppose 0 = 2*w + 2*p - 54, v*p - 42 = -2*w + 7*p. Let r be (-36)/(-7)*(31 + 11). What is the greatest common divisor of r and w?
24
Suppose -10*t - 36375 = -107*t. What is the greatest common divisor of t and 255?
15
Suppose 5*g + 1395 - 1475 = 0. Calculate the highest common factor of g and 3232.
16
Let y(z) = -24*z - 16. Suppose 6*q = 14*q + 24. Let l be y(q). What is the greatest common factor of 35 and l?
7
Suppose -9*w + 271 = 100. Let u be (-1)/2 - 3*(-343)/6. What is the highest common factor of u and w?
19
Suppose 3 = -2*z + 63. Suppose 0 = 3*g + c + 1, c = -2*g + 1 - 2. Suppose g = 5*n + 35 - 85. Calculate the highest common divisor of z and n.
10
Let h be 15 + 11024/(19 - 3). Calculate the greatest common divisor of h and 2288.
176
Suppose -45*h - 5*h = -12*h - 6612. What is the highest common divisor of 232 and h?
58
Let y = -458 + 249. Let b = y + 239. What is the highest common factor of b and 6?
6
Let d(o) = -72*o - 271. Let l be d(-4). What is the greatest common divisor of l and 119?
17
Let c(l) = 4*l**2 - 6*l + 7. Let h be c(3). Let q be (-4)/30 + -6 + (-2338)/(-210). What is the highest common divisor of q and h?
5
Let w(f) = -2*f - 9. Let u be w(-9). Suppose 3*j + 45 - u = 0. Let x be (1 - (4 + j)) + 3. What is the greatest common divisor of 84 and x?
12
Suppose 2316 = 2*k + 4*s, -4*k - 5*s + 3506 = -1129. Suppose -31*l = -k - 917. What is the greatest common factor of l and 737?
67
Let r(z) = -z**3 - 32*z**2 + 67*z + 30. Let g be r(-34). Suppose 4*c - 5*s - g = 0, -4*s + 14 + 25 = 5*c. Calculate the greatest common divisor of c and 121.
11
Suppose 620*y - 607*y - 1404 = 0. Calculate the highest common factor of y and 8.
4
Let c(z) = -22 + 72*z - 3458*z**2 + 3 + 146*z + 3475*z**2. Let m be c(-13). Let i = -23 - -43. What is the highest common divisor of m and i?
20
Let z(q) = 69*q + 2024. Let v be z(-23). Let h be ((-76)/8)/((-1)/2). What is the greatest common factor of v and h?
19
Suppose -9 - 119 = -2*s - 4*d, -d = -3*s + 178. Let r be (12/s - 32/10)/(-3). Let y be 13*(8 - 1/r). What is the greatest common factor of y and 7?
7
Let v be ((-7)/(-4))/(13*(-8)/(-1664)). What is the highest common divisor of v and 44?
4
Let m = -492 + 502. Suppose -9*n = -14*n + m. What is the highest common factor of n and 11?
1
Suppose 3*r + 31 = -3*t + 229, -4*r + 5*t + 309 = 0. Suppose 15*k - r = 109. Let l be 17 - (-1 - 0/1). Calculate the highest common divisor of l and k.
6
Let f be 1*2*(36 - 12). Let p = 170 - 110. Suppose -3*x + p = 24. What is the greatest common factor of x and f?
12
Let a be ((-332)/(-14))/(2 - (-9 - 836/(-77))). What is the greatest common factor of 17098 and a?
166
Let a be -11 - 624/(-40) - 2/(-5). Let v be (-13 - -6) + 70 - a. What is the greatest common divisor of 522 and v?
58
Suppose 0 = 33*s - 55 - 407. What is the highest common factor of 3794 and s?
14
Suppose -5*d - 2*u - 50 = -156, u = 4*d - 77. Suppose 3*t = -d*t + 506. Suppose 2*v + v - 165 = 0. Calculate the highest common factor of v and t.
11
Let o = 909 - 230. Let s = o - 653. What is the greatest common factor of 806 and s?
26
Let p(n) = 2*n**2 - 21*n + 13. Let l be p(10). Suppose -l*m = 3*h - 120, 3*h + 0*h + 5*m - 110 = 0. What is the highest common factor of h and 45?
45
Let i = -187 - -491. What is the greatest common divisor of i and 532?
76
Suppose 4*g - 2783 = -59*g + 1501. Calculate the greatest common factor of g and 264.
4
Let j = 107 + -105. Suppose 0 = z, -3*g - 2*z - 3 = 3. Let m be j/(g + 4)*2. What is the highest common factor of 6 and m?
2
Let a = -1596 + 1600. Calculate the greatest common divisor of 57 and a.
1
Let b = -11480 - -11483. What is the greatest common factor of 29 and b?
1
Suppose -149 = 8*y - 3*y + 3*i, i = y + 25. Let a = -23 - y. Suppose -o - a = -3*w + 2, 3*w + o = 17. Calculate the highest common divisor of 6 and w.
2
Let v = 161 + -158. Let r be (-2)/4 - (59/(-2) - v). What is the highest common divisor of 128 and r?
32
Let u = -19187 + 19215. Let d(t) = 6*t - 10. Let y be d(4). Calculate the greatest common factor of y and u.
14
Suppose 18*o + 1995 = 14469. Calculate the highest common divisor of o and 1353.
33
Let g be (1 - 13)*24/(-9). Let m be 7 + (-100)/(-6)*((-20)/8 + 4). What is the highest common factor of m and g?
32
Let w be 402/14 - (-2)/7. Suppose 261*g - 615 = 14523. What is the greatest common divisor of g and w?
29
Let v(w) = -w**2 - 9*w - 17. Let b be v(-5). Let t be -1*4 + 40/8. Let a be (2 - 14)/(-4) - 1/t. What is the highest common divisor of b and a?
1
Let a = 114 - 130. Let j(k) = 2*k + 152. Let l be j(a). What is the highest common factor of l and 40?
40
Let t = 1 - 1. Suppose t = -16*z + 14*z + 4. Let h be (-95 + z)/(-3) + 2. Calculate the greatest common divisor of h and 3.
3
Suppose 2*u + 1 = 3*u. Let a(n) = n**2 + 7*n + 5. Let s be a(-5). Let b be s + 6 - 1*-2. What is the greatest common factor of u and b?
1
Let u(c) = -c**2 + 3*c + 4. Let y be u(3). Suppose y*h - 9 - 39 = 0. Let v be (-3)/(-9)*3*3. Calculate the greatest common factor of h and v.
3
Let q be (-277)/((-15 - 252/(-18)) + (-6)/(-7)). Calculate the greatest common divisor of q and 35.
7
Suppose -13*y - 1288 = -5*y. Let j = 185 + y. Calculate the highest common factor of 60 and j.
12
Suppose 27768 = 19*m + 36*m + 34*m. What is the highest common divisor of m and 1976?
104
Let b(f) = 12*f**2 - 89*f - 380. Let z be b(-4). Calculate the highest common divisor of z and 546.
42
Let v = 8985 + -5229. Calculate the highest common divisor of 12 and v.
12
Let a(v) = 5*v**2 + 59*v - 44. Let n be a(6). Calculate the highest common factor of 420 and n.
70
Let o = 5707 - 5382. What is the highest common factor of o and 845?
65
Suppose 4*r + 63 = 15. Let m(a) = a**3 + 12*a**2 + a + 15. Let b be m(r). Suppose -b*j + 54 = -6. Calculate the greatest common divisor of 220 and j.
20
Let o(m) = -m**3 + 7*m**2 + 6*m + 6. Let l be o(6). Let k(u) = -6265*u - 12452. Let c be k(-2). Calculate the highest common divisor of c and l.
78
Let z be (-200244)/(-24) - (9/21 - 39/42). What is the greatest common factor of z and 56?
56
Let q(n) be the third derivative of 5/24*n**4 + n**3 - 4*n**2 + 0*n - 1/120*n**6 + 0 + 7/60*n**5. Let i be q(5). What is the greatest common factor of 9 and i?
9
Let f = -27541 + 31815. Calculate the greatest common divisor of 2 and f.
2
Let d = -754 - -764. Calculate the highest common divisor of 7010 and d.
10
Let p(q) = -q**2 + 20*q - 48. Let j = -44 + 75. Suppose 16 = 32*a - j*a. Let z be p(a). C